te u(-2).
2241
Let i(q) = -589722*q - 1769159. Calculate i(-3).
7
Let i(z) = 78*z**2 + 6570*z - 25. Calculate i(0).
-25
Let x(s) = -1577*s - 6058. Calculate x(-3).
-1327
Let d(q) = -q**3 + 1479*q**2 + 37593*q - 225. Calculate d(-25).
-50
Let y(t) = 10*t**2 + 1345*t + 14704. Calculate y(-12).
4
Let s(f) = -711661*f + 2846629. Give s(4).
-15
Let i(w) = -w**3 - 185*w**2 + 3433*w - 148. What is i(-202)?
54
Let y(u) = -u**2 + 628*u - 98541. What is y(316)?
51
Let o(b) = -b**3 + 15*b**2 - 208*b + 6076. Determine o(20).
-84
Let x(o) = 23*o**3 - 27870*o**2 + 20588*o - 1220. Calculate x(1211).
-9
Let a(h) = -h**3 - 7*h**2 - 512*h - 1496. What is a(-3)?
4
Let a(i) = 2*i**2 - 8182*i - 1184710. Give a(-140).
-30
Let i(q) = 3*q**3 + 397*q**2 - 333*q - 8864. Calculate i(-133).
47
Let f(t) = t**3 - 10*t**2 - 188*t + 316. Determine f(19).
-7
Let n(t) = 108*t + 2277. What is n(-23)?
-207
Let k(w) = 11*w**3 - 126*w**2 + 40*w - 46. Determine k(11).
-211
Let w(o) = -3*o**2 + 530*o + 8439. Give w(191).
226
Let f(q) = -72*q**2 + 259*q + 315. What is f(-1)?
-16
Let t(q) = 3*q**2 + 37*q - 909. Give t(14).
197
Let x(i) = -2*i**3 + 63*i**2 + 180*i - 318. Determine x(34).
22
Let j(k) = -354*k + 66834. What is j(189)?
-72
Let u(p) = 664*p + 37760. What is u(-57)?
-88
Let d(s) = 180*s - 54684. Calculate d(304).
36
Let l(p) = -17746*p - 443662. What is l(-25)?
-12
Let o(b) = 112*b**2 + 698*b + 1108. Calculate o(-7).
1710
Let k(l) = l**3 + 662*l**2 + 9080*l + 5187. Determine k(-648).
3
Let y(a) = -181062*a + 361964. What is y(2)?
-160
Let g(q) = -q**3 + 33*q**2 + 107*q + 1114. Determine g(38).
-2040
Let t(d) = -4*d**3 + 35*d**2 - 74*d + 415. What is t(8)?
15
Let q(n) = -2*n**2 + 177341*n - 532010. Give q(3).
-5
Let u(x) = -11*x**2 - 398*x - 1600. Give u(-4).
-184
Let c(b) = -8*b**2 + 259*b + 258. Determine c(34).
-184
Let m(n) = 2*n**3 - 562*n**2 - 1644*n + 617119. What is m(280)?
-1
Let m(p) = -96097*p + 288244. Calculate m(3).
-47
Let m(u) = -7*u**2 + 670*u + 2087. Determine m(103).
-3166
Let l(j) = 251*j**2 - 53*j + 9. Calculate l(0).
9
Let k(w) = 1137*w - 40949. What is k(36)?
-17
Let c(h) = 1613*h - 1735. Determine c(1).
-122
Let q(w) = -25*w**2 - 484*w + 396. Determine q(-18).
1008
Let k(u) = u**2 + 1044*u + 48341. What is k(-44)?
4341
Let b(u) = -u**3 - 26*u**2 + 237*u + 6356. What is b(-15)?
326
Let k(s) = 222*s - 2069. What is k(3)?
-1403
Let y(c) = -85*c**2 - 137*c - 9. What is y(-2)?
-75
Let a(t) = 873*t + 34040. Calculate a(-39).
-7
Let c(p) = 8*p**2 - 349*p + 1712. Calculate c(5).
167
Let w(j) = j**3 - 222*j**2 + 1085*j + 615. Give w(217).
615
Let q(v) = -13*v**2 + 2135*v + 8752. What is q(-4)?
4
Let n(c) = 44*c**2 - 1409*c + 87. Determine n(32).
55
Let u(w) = w**3 - 385*w**2 - 409*w + 8881. Determine u(386).
3
Let s(v) = v**2 + 90969*v - 636834. Determine s(7).
-2
Let s(z) = -5281*z + 74073. Give s(14).
139
Let k(d) = -4562*d + 218970. Determine k(48).
-6
Let i(u) = -109*u - 5342. Give i(-44).
-546
Let b(p) = -68*p**2 - 42512*p - 7500. Give b(-625).
0
Let w(b) = 4327*b + 25322. What is w(-6)?
-640
Let q(v) = -2511*v + 47659. Calculate q(19).
-50
Let w(m) = m**3 + 22*m**2 + 25*m + 278. Calculate w(-19).
886
Let m(q) = 643*q - 43466. Calculate m(67).
-385
Let q(f) = -66*f**3 - 2180*f**2 + 2179*f - 1. Calculate q(1).
-68
Let g(d) = 2*d**2 - 4036*d - 73053. Give g(-18).
243
Let p(d) = -d**2 + 80*d + 335. Give p(91).
-666
Let i(g) = g**3 + 108*g**2 - 191*g + 3872. Give i(-110).
682
Let s(f) = -3597*f - 550134. Give s(-153).
207
Let o(i) = -6*i**3 - 1906*i**2 + 1002*i + 116337. Give o(-318).
-51
Let d(o) = -o**3 + 84*o**2 + 1027*o - 8084. Determine d(94).
94
Let t(x) = -50*x**2 - 302*x - 2378. Determine t(-8).
-3162
Let d(b) = 67334*b + 134644. Determine d(-2).
-24
Let k(n) = -93*n + 584. What is k(8)?
-160
Let h(r) = -2*r**3 + 109*r**2 - 485*r + 17259. What is h(53)?
-19
Let g(o) = -238*o - 614. Determine g(-7).
1052
Let m(s) = -35*s**2 + 7818*s - 74682. Give m(10).
-2
Let z(o) = o**3 + 27*o**2 - 135*o - 222. Determine z(-31).
119
Let d(z) = 1180*z - 129474. Determine d(110).
326
Let n(w) = 579*w + 281390. Give n(-486).
-4
Let n(k) = -1055*k - 330222. Calculate n(-313).
-7
Let o(c) = c**2 - 11317*c + 361220. Give o(32).
100
Let q(i) = 7*i**2 - 1123*i - 10965. Calculate q(-10).
965
Let n(w) = -w**3 + 84*w**2 - 775*w + 329. Give n(10).
-21
Let o(v) = 4*v**2 + 2499*v + 179409. Give o(-542).
7
Let u(d) = -7*d**2 - 75*d + 147. Determine u(-20).
-1153
Let d(v) = -19151*v + 229784. Give d(12).
-28
Let i(f) = f**3 + 57*f**2 + 779*f + 292. Calculate i(-25).
817
Let u(y) = 5750*y - 1305250. Calculate u(227).
0
Let w(l) = -2*l**3 - 178*l**2 + 275*l + 8552. Give w(-90).
2
Let t(o) = -5047*o + 105987. What is t(21)?
0
Let o(l) = -5925*l + 1090052. Calculate o(184).
-148
Let w(h) = 3*h**2 - 49337*h + 887094. Calculate w(18).
0
Let i(z) = z**3 + 544*z**2 + 8468*z + 305. Determine i(-16).
-15
Let j(s) = -3*s**2 - 1161*s - 3480. Calculate j(-3).
-24
Let w(l) = 302*l + 8678. Determine w(-30).
-382
Let h(l) = l**3 + 88*l**2 + 1460*l + 538. What is h(-66)?
10
Let p(a) = -237*a - 3677. Calculate p(-13).
-596
Let a(p) = p**2 - 158. Determine a(14).
38
Let f(r) = -2*r**2 + 537*r - 34459. Determine f(106).
-9
Let l(h) = -h**3 - 98*h**2 + 8214*h - 191. Give l(54).
133
Let n(p) = -39*p**2 + 649*p - 2161. Determine n(12).
11
Let c(g) = -63*g**3 + 5*g**2 + 171*g - 333. Give c(2).
-475
Let v(i) = -18341*i - 54975. Determine v(-3).
48
Let p(q) = -57*q**2 - 292*q - 157. What is p(-7)?
-906
Let c(q) = q**3 - 13*q**2 - 33459*q + 100463. Calculate c(3).
-4
Let x(t) = -300*t**2 - 6336*t + 30. Calculate x(-21).
786
Let b(j) = 6*j**2 - 78*j - 327. Give b(-4).
81
Let f(i) = -3*i**2 - 57*i + 744. What is f(13)?
-504
Let u(k) = 333*k**2 + 710*k - 5133. Calculate u(3).
-6
Let v(i) = -238612*i + 715829. Determine v(3).
-7
Let v(y) = 5*y**2 - 3619*y - 14559. Give v(-4).
-3
Let m(x) = -4*x**3 - 277*x**2 - 2438*x - 1114. What is m(-59)?
7
Let q(b) = b**2 + 13360*b + 80120. Calculate q(-6).
-4
Let w(p) = -97*p + 15530. Give w(151).
883
Let x(u) = 3*u**2 - 494*u - 109016. Give x(290).
24
Let v(f) = -2*f**2 + 10007*f + 566694. Determine v(-56).
30
Let u(v) = -13*v**3 + 4*v**2 + 89*v - 510. Determine u(5).
-1590
Let u(b) = -b**3 + 2*b**2 - 16*b + 12. Calculate u(0).
12
Let c(t) = -24*t**2 - 300*t - 902. What is c(-5)?
-2
Let x(c) = -493497*c + 1480497. What is x(3)?
6
Let i(j) = j**2 - 43*j + 35. What is i(32)?
-317
Let a(z) = 4*z**3 - 81*z**2 - 93*z + 633. Calculate a(21).
3
Let x(b) = -5657*b - 395964. Give x(-70).
26
Let z(b) = 3*b**3 + 12*b**2 - 1023*b + 9200. Determine z(9).
3152
Let a(m) = 381738*m + 1526965. What is a(-4)?
13
Let u(s) = 2*s**3 - 242*s**2 + 10*s - 1235. Determine u(121).
-25
Let z(t) = 49*t**2 + 9110*t - 529. Determine z(-186).
215
Let t(x) = 104*x + 2381. What is t(-21)?
197
Let i(s) = -415*s - 195097. Calculate i(-470).
-47
Let g(f) = 5*f**2 + 235*f - 140862. What is g(-193)?
28
Let s(l) = -48502*l + 96939. What is s(2)?
-65
Let g(z) = -z**3 - 255*z**2 - 994*z + 36. What is g(-4)?
-4
Let u(w) = -w**3 + 354*w**2 + 89*w + 94501. Determine u(355).
71
Let r(j) = -j**3 - 245*j**2 - 5899*j - 545. Calculate r(-27).
-194
Let w(o) = 24*o**3 + 4*o**2 + 158*o - 898. Calculate w(5).
2992
Let x(t) = t**3 - 6*t**2 - 172*t + 1928. Give x(16).
1736
Let n(q) = 500*q + 21970. What is n(-44)?
-30
Let g(p) = 62*p - 2889. Give g(45).
-99
Let x(s) = -s**2 + 560*s - 15461. What is x(27)?
-1070
Let p(f) = -2755*f + 292053. What is p(106)?
23
Let w(m) = -6*m**2 + 916*m - 5515. Give w(6).
-235
Let v(w) = 21*w**2 - 217*w + 563. Determine v(13).
1291
Let v(r) = -48*r**2 + 42*r - 83. Calculate v(2).
-191
Let m(r) = -r**3 - 7*r**2 - 33*r - 216. Calculate m(-7).
15
Let n(l) = 2*l**2 - 448*l - 3714. Determine n(-8).
-2
Let y(r) = 9*r**2 - 291*r - 30286. Give y(-44).
-58
Let w(f) = -9608*f + 57527. Calculate w(6).
-121
Let u(l) = -15*l**3 - 7*l**2 - 1953*l + 3916. Calculate u(2).
-138
Let y(j) = 206*j - 13352. Determine y(64).
-168
Let c(d) = -4*d**3 + 793*d**2 - 1015*d + 5909. What is c(197)?
-1
Let m(n) = -5222*n - 5439. Give m(-1).
-217
Let c(l) = l**2 + 20*l + 1173. Give c(-32).
1557
Let a(h) = 643*h**3 + 35364*h**2 - 49*h + 60. Calculate a(-55).
-270
Let c(i) = 484*i - 17637. What is c(34)?
-1181
Let f(m) = 145